3/2 + 9*o. Calculate z(4).
-4
Let b(k) be the first derivative of k**4/4 + 2*k**3 - 5*k**2/2 + 10*k + 12. What is b(-7)?
-4
Let k be (4/(-12))/(3/(-18)). Let c(h) = h**3 - 2*h**k + 2*h - 6 + 5*h**2 + 5. Suppose -5*q - 23 = 4*f, 5*f + 7 + 9 = -2*q. What is c(q)?
-7
Let m be (-12)/(-4) - (-4)/2. Suppose -5*q - 46 = -4*x - 6, m*q = 3*x - 35. Let o(i) = i**2 + 4*i + 1. Give o(q).
1
Let b(y) = y**2 - y. Let d be 1 + -1 + 0/(-3). Suppose 4*n + d*n - 28 = 0. Suppose 3*c - n = -2*m - 0, 5*m - c + 8 = 0. Determine b(m).
2
Suppose -3*q + 2*z + 16 = 0, -4*q + 3 = -0*q + z. Suppose 0*r - q*r = 2. Let m(i) be the first derivative of -5*i**2/2 - 4. What is m(r)?
5
Suppose 0 = -q + 4*x + 14, -4*q + 0*q = -5*x - 23. Suppose 0*i - q*i - 10 = 0. Let h(v) be the first derivative of -v**3/3 - 3*v**2 - 5*v - 1. Give h(i).
0
Let t(o) = 11*o + 1. Let a(x) = -11*x - 1. Let u(s) = -6*a(s) - 5*t(s). Give u(1).
12
Let n(a) = -23*a**2 - 5*a - 11*a**3 + 9 - 12*a + 8*a**3. Let d(w) = -w**3 - 8*w**2 - 6*w + 3. Let t(q) = -8*d(q) + 3*n(q). Determine t(-3).
-6
Let x = -141 + 134. Let z(y) = -y**3 - 8*y**2 - 5*y. What is z(x)?
-14
Let d(b) = b**2 - 7*b + 4. Let c(j) = j**2 + 7*j + 6. Let m be c(-6). Let p(s) = -s**3 + 3*s**2 - s + 1. Let g be p(2). Let r be (-4)/(-2) + (g - m). Give d(r).
-6
Let a(k) be the third derivative of k**6/120 - 7*k**5/60 + k**4/4 + k**3/6 - 21*k**2. What is a(6)?
1
Let q(h) = -h**3 + 2*h**2 + 4*h - 4. Let p(s) = -3*s**3 + 6*s**2 + 11*s - 11. Let z(y) = -4*p(y) + 11*q(y). Let n be z(2). Let f(x) = -x + 3. Give f(n).
3
Let u(x) = 3*x**2 + 9*x - 4. Let z(i) = -4*i**2 - 10*i + 5. Let g(r) = -5*u(r) - 4*z(r). Suppose 21*p = 25*p - 24. Give g(p).
6
Let h be 5/15 + 19/(-3). Let m(n) = n**3 + 7*n**2 + 7*n + 5. Calculate m(h).
-1
Let l(i) = -i**3 + 4*i**2 - 4*i + 4. Let f be (-18)/(-6) + (-1)/1. Suppose j - f*j + 3 = 0. Let s(d) = d. Let u be s(j). Determine l(u).
1
Let s(w) = 5*w**3 + 11*w**2 - 11*w + 8. Let d(o) = -6*o**3 - 12*o**2 + 12*o - 9. Let m(c) = 6*d(c) + 7*s(c). Determine m(3).
5
Let t(w) = -2*w**2 + 2*w**2 - 6*w**3 + 13*w**3 - 1. Let o be (-1)/(-2)*(-2 - 2). Let q be 1*2/(-2) - o. Determine t(q).
6
Let b(j) = -j**3 + 4*j**2 + 3*j + 6. Suppose 0 = -2*h + 9*h - 35. Determine b(h).
-4
Let k(d) = 3*d - 5. Let i = -25 - -29. Give k(i).
7
Let k be (-5)/(-4) - 2/8. Let l(v) = 6*v. What is l(k)?
6
Let f(t) = 0*t + 2*t - 4*t + 18 + t. Give f(0).
18
Suppose -5 = 4*h - 17. Let r(t) = -t - 10*t**2 + 1 + h*t + 0*t - t. What is r(-1)?
-10
Let f(y) = -y - 8. Suppose 7*c - 90 = -8*c. Give f(c).
-14
Let p(z) = z**2 + 10*z - 14. Let b be p(-11). Let x(r) = 2*r + 4. Determine x(b).
-2
Suppose 13 = -5*l - 7. Let k be (3/2)/(2/l). Let n(q) = -q**2 - 5*q - 2. Determine n(k).
4
Let a(o) = 2*o**2 - 337 - 4*o + 338 - o**2. Give a(5).
6
Let r(p) be the second derivative of -p**6/240 + p**5/120 - p**4/12 + 2*p. Let h(o) be the third derivative of r(o). Let b = -7 + 5. Give h(b).
7
Let q(n) = n**2 - 7*n + 5. Let d be q(3). Let i(x) = -x**3 - 6*x**2 + 5*x + 2. Determine i(d).
16
Let g(y) = 2*y - 1. Let h(o) = -1. Suppose -p = 2*p - 4*l + 17, 3*p + 5*l - 28 = 0. Let w(x) = p*g(x) - 3*h(x). Suppose -u - u = -4. Determine w(u).
6
Let n(a) = a**2 + 3*a. Let q = 29 - 63. Let z be (-4)/(-12) + q/(-6). Let s = -9 + z. Calculate n(s).
0
Let v(o) = -7*o**2 - 8*o + 4. Let h(f) = 13*f**2 + 15*f - 7. Let r(y) = -6*h(y) - 11*v(y). What is r(-2)?
-2
Let j(r) = 4 + 5*r**2 - 4*r**2 - 7*r + 1. Give j(7).
5
Let i(h) = -88 + 2*h + 88. What is i(-4)?
-8
Suppose -4*z - 14 = -5*v, 4*v = 7*z - 2*z + 13. Let w(u) = v + u**2 + 2*u - 2 + 3. Suppose p = 5*i - 8, -3*p + 0*i - 2*i = 7. What is w(p)?
6
Let a(i) = i**2 - 5*i - 1. Let q be (6 + -2)*(0 + 1). Give a(q).
-5
Let r = -1 + 7. Let j(t) = -t + 1. Calculate j(r).
-5
Let w = 34 + -33. Let p(g) = -9*g + 1. Determine p(w).
-8
Suppose 0 = -4*v + 2*v. Let l(g) = 4*g + 5. Let h(u) = -5*u - 6. Let y be 62/10 - (-2)/(-10). Let j(o) = y*l(o) + 5*h(o). What is j(v)?
0
Let i(z) = -z**3 + 3*z**2 + 4*z + 1. Let w(b) = 6*b**3 - 16*b**2 - 21*b - 5. Let f(v) = 11*i(v) + 2*w(v). Let r = -10 + 6. Let l = 2 + r. Give f(l).
-7
Let y(m) = -11*m**3 + 66 - 67 + 0*m**3 - 8*m**3. What is y(1)?
-20
Suppose u - 1 = 2. Let p(d) = d + 13. Let r(m) = -m - 9. Let w(y) = 5*p(y) + 7*r(y). What is w(u)?
-4
Suppose 0*b = -2*b. Let s(v) = v + 6. Calculate s(b).
6
Let b(y) = -y**3 - 10*y**2 - 8*y + 7. Let i be b(-9). Let q be (-10)/i*(-4)/(-5). Let c(r) = r - 4. Calculate c(q).
0
Let u(m) = -7*m + 4. Let q(r) = 6*r - 5. Let y(v) = -5*q(v) - 6*u(v). What is y(-1)?
-11
Let d = 2 - -2. Suppose 0*q = 2*q, d*q = -l + 3. Let y(w) be the third derivative of -w**4/24 + w**3/2 + w**2. Calculate y(l).
0
Let h(c) be the first derivative of -c - 1/3*c**3 - c**2 - 1 + 1/4*c**4. Let b(p) = -3*p + 62. Let t be b(21). What is h(t)?
-1
Let f(x) be the first derivative of 3 + 1/3*x**3 + 0*x - 1/4*x**4 + 1/2*x**2. What is f(0)?
0
Let u(a) = -a**3 + 3*a**2 + 6*a - 4. Let n be u(4). Let z(y) = -y**3 - 1 + n*y + 2*y**3 - 4*y. Let t(r) = -r**2 + r. Let m be t(0). Give z(m).
-1
Let r(a) be the first derivative of -2*a**3/3 - a**2 - 7*a + 2. Let x(z) be the first derivative of r(z). Give x(3).
-14
Suppose 0 = 5*j - 5, 3*j - 13 = -3*c - j. Suppose 5*x = v, -c = -x + v + 1. Let p(h) = -6*h**3 + h**2 - h - 1. What is p(x)?
7
Suppose 0 = 4*s - 7*s + 6. Let c(p) = -2 - 2 + p**s + 1 - 3 + p. Let v(o) = -o - 3. Let y be v(-3). Determine c(y).
-6
Let j(b) be the third derivative of 11*b**5/60 - b**4/24 - b**2. Calculate j(1).
10
Let u(d) = -d**3 + 6*d**2 - 6*d + 6. Let x be u(5). Let r be x + (1 - 1/1). Let t(b) = -2 - 2 - 3*b + 3. Give t(r).
-4
Let g(d) = 1 + d**2 - 2*d**2 + 4*d - 3*d**2 + 3*d**2. Let m(k) = k + 1. Let f(b) = -3*b - 3. Let v(a) = -2*f(a) - 5*m(a). Let z be v(2). Determine g(z).
4
Let v(m) = -m**2 + 2*m + 2. Let k(a) = a + 2. Let b be k(3). Suppose b*s = 6 + 9. Determine v(s).
-1
Let v be (-5)/(-2)*(-18)/(-15). Suppose n + 0*n + v*j = 22, 2*j = -3*n + 31. Let g = -4 + n. Let b(c) = -c + 4. Give b(g).
1
Let v = 179 + -170. Let s(c) = c**2 - 9*c + 7. Determine s(v).
7
Let h = 3 - 3. Suppose -6*s + 11*s - 25 = h. Let t(c) = c**2 - 5*c - 3. Calculate t(s).
-3
Let s(n) = -n**2 + 6*n - 3. Let w be s(5). Let f(k) = k**w + k**2 + 2*k - k**2 + 1. Calculate f(-3).
4
Let w(m) = -m**2 - 8*m + 10. Let z be w(-8). Let d(r) = -11*r + 0*r + 1 + z*r. Suppose 19 = -5*a - 2*l, -a + 2*l - 3*l - 5 = 0. What is d(a)?
4
Let k be (-4)/6*45/(-6). Let d(q) = -7*q - 4. Let u(w) = 8*w + 5. Let g(h) = 7*d(h) + 6*u(h). Give g(k).
-3
Let s(r) = -3*r**3 + 5*r**2 - 4 + 4*r**3 - 8*r**2. Determine s(3).
-4
Suppose 0*z - z = 0. Suppose d + 2 = -z*d. Let p(g) = g**3 + g. Let y(v) = -5*v**3 + v**2 - v + 1. Let r(n) = 4*p(n) + y(n). Determine r(d).
7
Let m(s) = s - 6. Suppose -3*t = 5*c - 21, -4*c = 2*t - 19 + 3. Suppose -5 + 1 = -t*y. Suppose 0 = 2*d + 4*h + 14, -d + 19 = y*d - 2*h. Calculate m(d).
-3
Let z(d) = -4*d - 1. Let l(b) = -5*b - 2. Let y(x) = 3*l(x) - 4*z(x). Let o be y(5). Let h(w) = 2*w**3 + 3*w + 3*w**2 + 3 - 3*w**o - 4*w**2. What is h(-2)?
1
Let s be 8/(-10)*(-10)/4. Suppose -2 = f - s*f. Let g = 2 - f. Let z(m) = -m**3 + m**2 + 5. Calculate z(g).
5
Suppose -3 = -4*p - 7. Let y(m) = -2*m - 1. Calculate y(p).
1
Let s be ((-4)/6)/(4/(-6)). Let k = -4 - s. Let h(r) = r**3 + 6*r**2 + 6*r. Give h(k).
-5
Suppose 14 = 3*g - 2*s - 0, -3*g - 3*s = 6. Let u(j) = 1 + 9*j + g*j**2 - 7*j + 3*j**2 + 0*j**2. Calculate u(-1).
4
Let j(c) be the second derivative of c**3/2 + 9*c**2/2 + 4*c. Give j(-6).
-9
Suppose 0 = -p + 5*y - 12, -5 = p - 4*y + 4. Let i(r) = 4 + r - 3*r - 2*r**2 - 3 + 3*r**2. What is i(p)?
4
Let y(d) = -3*d**2 + 15*d - 5. Let h(r) = r**2 - 5*r + 2. Let c(o) = 11*h(o) + 4*y(o). Calculate c(4).
6
Let r = 115/618 - 2/103. Let t(v) be the second derivative of 0 - 1/12*v**4 + 1/2*v**2 - r*v**3 - 1/10*v**5 + v. Calculate t(1).
-3
Let y(n) = 5*n**2 + n - 9. Let c(m) = 4*m**2 + m - 10. Let i(k) = 4*c(k) - 3*y(k). Calculate i(0).
-13
Let w(v) = -2*v. Suppose 6 = -5*u + 11. What is w(u)?
-2
Let t(w) = 3*w - 1. Let l(m) = m**2 + 1. Let c be l(-2). Suppose 0 = -5*j + 5*p - 15, p - 5 = -3*j + c*j. Let y = 0 - j. What is t(y)?
5
Let m(v) = 0*v**3 + 6*v + v**3 + 3 + 11*v**2 + 4*v. Determine m(-10).
3
Let u(g) be the second derivativ